h?
2
Suppose -3*j - 5 = 2*c + 2, 5 = -2*j - c. Let f be (-2)/(-1 - j) + 20. Let d = -6 + f. What is the units digit of d?
3
Let z = -6 + 10. Let t(j) = j**2 - j + 1. Let a be t(2). Let d = z - a. What is the units digit of d?
1
Let d(n) = 3*n**2 + 4*n - 4. What is the tens digit of d(5)?
9
Suppose -2431 = -19*h + 3326. What is the units digit of h?
3
What is the tens digit of -3 - 84/(6/(-2))?
2
Let i(b) = -22*b + 2. Let k = -2 - 0. What is the units digit of i(k)?
6
Let g = -601 + 964. What is the units digit of g?
3
Let r be 148/12 - 2/(-3). Let a = r - 6. What is the units digit of 64/28 - 2/a?
2
Let t(d) be the second derivative of d**3/3 - 2*d**2 + 3*d. Let s be t(3). What is the units digit of ((-3)/(-9))/(s/6)?
1
Let a = -264 + 369. What is the hundreds digit of a?
1
Suppose 2*g + r = -r + 58, -g + 32 = 4*r. Let q = -46 + 29. Let x = g + q. What is the tens digit of x?
1
What is the units digit of 47/5 - 14/35?
9
Let b = -12 + 14. Suppose 0 = -5*u - b*w + 164, -4*u + 41 + 79 = -4*w. What is the units digit of u?
2
Let k(b) = 0 - 1 - 2 + 7*b - b. Let s be k(2). Let x = -1 + s. What is the units digit of x?
8
What is the tens digit of ((-42)/(-9) - 1)*12?
4
Let k(t) = t**2 - 3*t + 6. Let v = 9 + -5. Let i be k(v). Let c = i + -3. What is the units digit of c?
7
Let k(m) = -3*m - 11. Let l be k(-5). Suppose l*g - 17 = 4*z + 19, -4*g - 5*z + 9 = 0. What is the units digit of g?
6
Suppose 3*g - 9 = -4*r - 1, -5*g + 6 = 3*r. Let t(m) = -m**3 + m**2 + m + 1. Let f be t(g). What is the units digit of (-1)/2*f*-14?
7
Let n(t) = t - 5. Suppose -c = 3*l + 16, 3*c + 2*c - 25 = 0. Let z be n(l). What is the units digit of 112/6 + z/18?
8
What is the tens digit of 162/4 + (-1)/2?
4
Let t be (2*4)/(5/10). Suppose -t = -3*u + 11. What is the units digit of u?
9
Suppose 0 = -4*n + 15 - 51. Let y = -6 - n. Suppose 2*a + 10 = 0, a = -2*b - y*a - 6. What is the units digit of b?
7
Let k = 43 - 25. What is the tens digit of k?
1
Let z(n) = -n + 3. Let w be z(6). Let v be -1 + w/(3*-1). Let y = v - -1. What is the units digit of y?
1
Suppose 3 = u - 0. Suppose -u*v = v. Let d(y) = y + 1. What is the units digit of d(v)?
1
Let j(l) = l**2 + 17. What is the tens digit of j(0)?
1
Suppose 5*z = 29 + 1. Let n be 0*(12/(-3))/(-4). Let b = n + z. What is the units digit of b?
6
Suppose 914 - 18 = 8*x. What is the hundreds digit of x?
1
Let u(z) = -z + 1. Let x be u(1). Suppose 4*l + 5 - 25 = x. What is the units digit of l?
5
Suppose -o + 18 = -34. What is the units digit of o?
2
Let x(d) = -d**3 + 8*d**2 + d - 7. What is the units digit of x(8)?
1
Suppose -5*f = -273 + 88. What is the units digit of f?
7
Suppose 0 = -3*d + 4*d - 10. Let l = 21 - d. What is the tens digit of l?
1
Suppose 5*a - 36 = -3*k + 119, -2*k - 5*a + 105 = 0. What is the tens digit of k?
5
What is the units digit of (8/30*-9)/((-1)/30)?
2
Let m be 11 + (-1 - -3)*-1. Let y(a) = -a**3 - a**2 + a. Let t(x) = 2*x**3 + 12*x**2 - 4*x + 5. Let w(c) = -t(c) - 3*y(c). What is the units digit of w(m)?
4
Let j(l) be the second derivative of -l**5/20 + 7*l**4/12 - l**3 + 4*l. What is the units digit of j(4)?
4
Suppose 4*q - 36 = u, 3*q - 2*u = 2*u + 27. What is the units digit of 2/q + (-14)/(-18)?
1
Suppose -4*b + 54 = -5*i + 15, 4*b = -2*i + 18. What is the units digit of (-16)/b*(-30)/4?
0
Let u be -3*(1 + 1*-2). Let i(b) be the first derivative of b**3/3 - b - 4. What is the units digit of i(u)?
8
Let u = 17 + -22. Suppose 2*o - 16 = -2. Let j = o + u. What is the units digit of j?
2
Let w(p) = -12*p - 22. Let n(h) = 13*h + 23. Let x(v) = 5*n(v) + 6*w(v). What is the tens digit of x(-7)?
3
Suppose 3*m = i, 4*i = -4*m + 74 - 10. What is the tens digit of i?
1
Let q be 25 + 6/(3 + -1). Let y = q + -14. What is the tens digit of y?
1
Let h(y) = -y + 2. Let f be h(5). Let k be -1 - 0 - f/3. Suppose k = r - 6*r + 10. What is the units digit of r?
2
What is the tens digit of (-5 + 3)*(-1 - (73 - -2))?
5
Let g(s) = s**3 + s**2 + s - 1. Let y(p) = -2*p**3 + 8*p**2 + 7*p + 4. Let j(i) = -3*g(i) - y(i). Let z be j(-10). What is the tens digit of 2/((-34)/38 - z)?
1
Suppose 4*o - 4 = 12. Suppose -y - o*v = v + 11, y + 3*v = -5. What is the units digit of y?
4
Suppose -3*m - 3*x = 6, -x - 1 - 1 = 2*m. Let a(l) = l**3 + l**2 + l + 5. What is the units digit of a(m)?
5
Let v = 34 - 26. What is the units digit of v?
8
Let t be 1 + -3 - (-2 + 0). Let m(l) = l**2 + l + 7. What is the units digit of m(t)?
7
Suppose 7*w - 3*w = -2*g + 372, -2*w + 376 = 2*g. What is the hundreds digit of g?
1
Let s be (-58)/2*(-5 - -4). Suppose 5*n = w + 60, -2*n + 6*n + 3*w = s. What is the units digit of n?
1
Let d(g) be the first derivative of g**3 + g**2/2 + g + 3. What is the tens digit of d(-2)?
1
Let k = 5 + -8. What is the units digit of 4/((-2)/18*k)?
2
Let m = 9 + -7. Suppose 8 = -0*p - 4*p. What is the units digit of (-4)/(-1) - m - p?
4
Suppose 6*l - 172 = 2*l. What is the tens digit of l?
4
Let h(b) = 26*b + 23. What is the hundreds digit of h(4)?
1
Let o(t) = t**3 + 4*t**2 - 5*t - 6. Let k be -5*(18/(-15) + 2). What is the tens digit of o(k)?
1
Suppose 3*s - 30 = -0*c - 3*c, -2*s = 5*c - 32. Let z(d) = -d**2 + 5*d - 7. Let p be z(s). Let i = p - -25. What is the tens digit of i?
1
Let o(h) = 5*h - 8. Let l(d) = 6*d - 9. Let r(i) = -2*l(i) + 3*o(i). What is the units digit of r(7)?
5
Let t(s) = -3 - 3*s**2 - s**3 - s + 4*s**2 - 2*s**2 - 2*s. Let c be t(-2). Suppose 3*x = c*x - 44. What is the tens digit of x?
1
Let s = -3 - -10. Suppose -6*n + s*n = 5. What is the units digit of n?
5
Suppose -9 + 3 = 3*l. Let o be (10/6)/(25/90). Let g = l + o. What is the units digit of g?
4
Suppose -35*y + 40*y = 35. What is the units digit of y?
7
Let u = 122 - 77. Let m = u + -23. What is the tens digit of m?
2
Let t(b) = -4*b - 6. Let a(z) = -2*z - 3. Let g(k) = 11*a(k) - 6*t(k). What is the tens digit of g(8)?
1
Suppose 19*c = 23*c - 140. What is the units digit of c?
5
Let i(v) = 3*v - 5. What is the units digit of i(3)?
4
Let u(n) = n**3 - 4*n**2 + 2*n - 5. Let v be u(4). What is the units digit of (2 - v) + 6/2?
2
Suppose 426 = 5*h + 41. What is the units digit of h?
7
Suppose 40 = -y + 3*y. Suppose 2*j + y = 6*j. Suppose 17 - j = x. What is the tens digit of x?
1
Let h be (1*2)/(1/2). Suppose h*b + 0*b = -80. What is the units digit of (-44)/(-10) + 8/b?
4
Suppose -r + 0*l + 2*l + 37 = 0, l = 2*r - 86. What is the units digit of r?
5
Let r be (2/(-6))/(3/(-36)). Suppose 0 = r*z - 9*z + 40. Let k = z + -5. What is the units digit of k?
3
Let v(x) = -x + 2. Let o be v(-8). Suppose 0 = 5*w - o - 0. What is the units digit of (-1)/2*-26 + w?
5
Let r = 16 + -33. Let m = -12 - r. What is the units digit of m?
5
What is the hundreds digit of 4 - (572/(-3) - 12/36)?
1
Let g = 71 - 41. What is the tens digit of g?
3
Let b = 5 + -1. Suppose 0 = -4*k + 5*v + 12, -v = b. What is the units digit of k/(-1) + 6/3?
4
Let d(h) = -15*h - 2. Let r be d(-2). Suppose -t = 3*t - r. What is the units digit of t?
7
Suppose 204 = -a + 5*a. What is the units digit of a?
1
Let l(k) be the second derivative of -k**3/6 + 4*k**2 - 2*k. What is the units digit of l(3)?
5
Let t(z) = z**3 - 6*z**2 - 6*z + 9. Let o be t(8). Let r = o - 57. What is the tens digit of r?
3
Suppose -t - 4*t = -4*g + 1425, g - 340 = -2*t. What is the hundreds digit of g?
3
Suppose 4*i - 11 = 9. Suppose -4*t + 44 = -t + i*q, 31 = 2*t + 3*q. What is the tens digit of t?
2
Let w = 64 + -10. What is the tens digit of w?
5
Let w(x) = 1 + 12*x + 1 - 6*x. What is the units digit of w(2)?
4
Let v(q) = -q**2 - 12*q + 13. Let w be v(-9). Suppose m + 3*m = w. What is the units digit of m?
0
Suppose -6*t = t - 21. What is the units digit of 4/(t - 4) - -58?
4
Let y = 36 + 99. Let f = y - 88. What is the tens digit of f?
4
Let r(b) = 2*b - 2. Let d be r(3). Suppose -9 = -2*p - p, -w + 16 = 4*p. Suppose d*l - 3 = -4*h + 9, -5 = -w*h + 3*l. What is the units digit of h?
2
Let s(u) = 6 - 1 + 6*u - 4 + 3. What is the units digit of s(6)?
0
Suppose -6 = 5*q - 6*q. What is the units digit of q?
6
Let h(i) = i**2 - 3*i - 4. Let w be h(-4). Let l = -12 + w. What is the tens digit of l?
1
Let g be (-4)/1 + 0/(-3). Let f(t) = -2 - 2 + t - 4*t**2 - 4*t - t**3 + 0*t. What is the units digit of f(g)?
8
Sup